{"id":1181,"date":"2026-04-19T20:28:42","date_gmt":"2026-04-19T18:28:42","guid":{"rendered":"https:\/\/cds05.fr\/?post_type=mec-events&#038;p=1181"},"modified":"2026-08-15T12:19:36","modified_gmt":"2026-08-15T10:19:36","slug":"clean-up-the-dark-x-journee-internationale-du-karst","status":"publish","type":"mec-events","link":"https:\/\/cds05.fr\/?mec-events=clean-up-the-dark-x-journee-internationale-du-karst","title":{"rendered":"Clean Up the Dark X Journ\u00e9e Internationale du Karst"},"content":{"rendered":"<p><img loading=\"lazy\" decoding=\"async\" class=\"alignnone size-medium wp-image-1323\" src=\"https:\/\/cds05.fr\/wp-content\/uploads\/2026\/04\/Affiche-Clean-Up-The-Dark-6-240x300.jpg\" alt=\"\" width=\"240\" height=\"300\" srcset=\"https:\/\/cds05.fr\/wp-content\/uploads\/2026\/04\/Affiche-Clean-Up-The-Dark-6-240x300.jpg 240w, https:\/\/cds05.fr\/wp-content\/uploads\/2026\/04\/Affiche-Clean-Up-The-Dark-6-750x938.jpg 750w, https:\/\/cds05.fr\/wp-content\/uploads\/2026\/04\/Affiche-Clean-Up-The-Dark-6-768x960.jpg 768w, https:\/\/cds05.fr\/wp-content\/uploads\/2026\/04\/Affiche-Clean-Up-The-Dark-6.jpg 1080w\" sizes=\"auto, (max-width: 240px) 100vw, 240px\" \/><\/p>\n<p>Un \u00e9v\u00e8nement<strong> Interclubs et Inter d\u00e9partements\u00a0 se pr\u00e9pare au cours d&rsquo;un WE d\u00e9di\u00e9 \u00e0 la sp\u00e9l\u00e9ologie dans le D\u00e9voluy.<\/strong><br \/>\nCet \u00e9v\u00e8nement de remise en \u00e9tat d&rsquo;une cavit\u00e9 sera l&rsquo;occasion de r\u00e9unir les sp\u00e9l\u00e9os passionn\u00e9s du Chourum Veynois (05), SCA Gap(05), SCPA Escandaou (13) et GUS (69) mais aussi des sp\u00e9l\u00e9os de la r\u00e9gion PACA.<br \/>\nUn rassemblement qui sera, sans nul doute, un tr\u00e8s bon moment de partage !<br \/>\nL&rsquo;occasion de relayer (et de participer) comme il se doit l&rsquo;importance des actions telles que Clean Up the Dark et la cr\u00e9ation depuis 2025 de la journ\u00e9e Internationale du Karst.<\/p>\n<p><strong><em>Sur inscription au pr\u00e9alable.<br \/>\nRenseignements aupr\u00e8s du CDSC05<\/em><\/strong><\/p>\n","protected":false},"excerpt":{"rendered":"<p>Un \u00e9v\u00e8nement Interclubs et Inter d\u00e9partements\u00a0 se pr\u00e9pare au cours d&rsquo;un WE d\u00e9di\u00e9 \u00e0 la sp\u00e9l\u00e9ologie dans le D\u00e9voluy. Cet \u00e9v\u00e8nement de remise en \u00e9tat d&rsquo;une cavit\u00e9 sera l&rsquo;occasion de r\u00e9unir les sp\u00e9l\u00e9os passionn\u00e9s du Chourum Veynois (05), SCA Gap(05), SCPA Escandaou (13) et GUS (69) mais aussi des sp\u00e9l\u00e9os de la r\u00e9gion PACA. Un &hellip; <a href=\"https:\/\/cds05.fr\/?mec-events=clean-up-the-dark-x-journee-internationale-du-karst\" class=\"more-link\">Continuer la lecture de <span class=\"screen-reader-text\">Clean Up the Dark X Journ\u00e9e Internationale du Karst<\/span>  <span class=\"meta-nav\">&rarr;<\/span><\/a><\/p>\n","protected":false},"author":9,"featured_media":0,"comment_status":"closed","ping_status":"closed","template":"","tags":[],"mec_category":[],"class_list":["post-1181","mec-events","type-mec-events","status-publish","hentry"],"_links":{"self":[{"href":"https:\/\/cds05.fr\/index.php?rest_route=\/wp\/v2\/mec-events\/1181","targetHints":{"allow":["GET"]}}],"collection":[{"href":"https:\/\/cds05.fr\/index.php?rest_route=\/wp\/v2\/mec-events"}],"about":[{"href":"https:\/\/cds05.fr\/index.php?rest_route=\/wp\/v2\/types\/mec-events"}],"author":[{"embeddable":true,"href":"https:\/\/cds05.fr\/index.php?rest_route=\/wp\/v2\/users\/9"}],"replies":[{"embeddable":true,"href":"https:\/\/cds05.fr\/index.php?rest_route=%2Fwp%2Fv2%2Fcomments&post=1181"}],"wp:attachment":[{"href":"https:\/\/cds05.fr\/index.php?rest_route=%2Fwp%2Fv2%2Fmedia&parent=1181"}],"wp:term":[{"taxonomy":"post_tag","embeddable":true,"href":"https:\/\/cds05.fr\/index.php?rest_route=%2Fwp%2Fv2%2Ftags&post=1181"},{"taxonomy":"mec_category","embeddable":true,"href":"https:\/\/cds05.fr\/index.php?rest_route=%2Fwp%2Fv2%2Fmec_category&post=1181"}],"curies":[{"name":"wp","href":"https:\/\/api.w.org\/{rel}","templated":true}]}}

Clean Up the Dark X Journée Internationale du Karst

<p><img loading="lazy" decoding="async" class="alignnone size-medium wp-image-1323" src="https://cds05.fr/wp-content/uploads/2026/04/Affiche-Clean-Up-The-Dark-6-240x300.jpg" alt="" width="240" height="300" srcset="https://cds05.fr/wp-content/uploads/2026/04/Affiche-Clean-Up-The-Dark-6-240x300.jpg 240w, https://cds05.fr/wp-content/uploads/2026/04/Affiche-Clean-Up-The-Dark-6-750x938.jpg 750w, https://cds05.fr/wp-content/uploads/2026/04/Affiche-Clean-Up-The-Dark-6-768x960.jpg 768w, https://cds05.fr/wp-content/uploads/2026/04/Affiche-Clean-Up-The-Dark-6.jpg 1080w" sizes="auto, (max-width: 240px) 100vw, 240px" /></p>
<p>Un évènement<strong> Interclubs et Inter départements  se prépare au cours d&rsquo;un WE dédié à la spéléologie dans le Dévoluy.</strong><br />
Cet évènement de remise en état d&rsquo;une cavité sera l&rsquo;occasion de réunir les spéléos passionnés du Chourum Veynois (05), SCA Gap(05), SCPA Escandaou (13) et GUS (69) mais aussi des spéléos de la région PACA.<br />
Un rassemblement qui sera, sans nul doute, un très bon moment de partage !<br />
L&rsquo;occasion de relayer (et de participer) comme il se doit l&rsquo;importance des actions telles que Clean Up the Dark et la création depuis 2025 de la journée Internationale du Karst.</p>
<p><strong><em>Sur inscription au préalable.<br />
Renseignements auprès du CDSC05</em></strong></p>

<p>Un évènement Interclubs et Inter départements  se prépare au cours d&rsquo;un WE dédié à la spéléologie dans le Dévoluy. Cet évènement de remise en état d&rsquo;une cavité sera l&rsquo;occasion de réunir les spéléos passionnés du Chourum Veynois (05), SCA Gap(05), SCPA Escandaou (13) et GUS (69) mais aussi des spéléos de la région PACA. Un &hellip; <a href="https://cds05.fr/?mec-events=clean-up-the-dark-x-journee-internationale-du-karst" class="more-link">Continuer la lecture de <span class="screen-reader-text">Clean Up the Dark X Journée Internationale du Karst</span>  <span class="meta-nav">&rarr;</span></a></p>
